{"id":365,"date":"2025-09-08T09:48:19","date_gmt":"2025-09-08T09:48:19","guid":{"rendered":"https:\/\/zamecnictvifiala.cz\/eshop\/?post_type=product&#038;p=365"},"modified":"2026-01-05T10:06:49","modified_gmt":"2026-01-05T10:06:49","slug":"plotovy-dil","status":"publish","type":"product","link":"https:\/\/zamecnictvifiala.cz\/eshop\/produkt\/plotovy-dil\/","title":{"rendered":"Plotov\u00fd d\u00edl"},"content":{"rendered":"<div class=\"message-bubble rounded-3xl text-primary min-h-7 prose dark:prose-invert break-words prose-p:opacity-100 prose-strong:opacity-100 prose-li:opacity-100 prose-ul:opacity-100 prose-ol:opacity-100 prose-ul:my-1 prose-ol:my-1 prose-li:my-2 last:prose-li:mb-3 prose-li:ps-1 prose-li:ms-1 w-full max-w-none\" dir=\"auto\">\n<div class=\"relative\">\n<div class=\"response-content-markdown markdown [&amp;_a:not(.not-prose)]:text-current [&amp;_a:not(.not-prose):hover]:text-primary [&amp;_a:not(.not-prose):hover]:decoration-primary [&amp;_a:not(.not-prose)]:underline [&amp;_a:not(.not-prose)]:decoration-primary\/30 [&amp;_a:not(.not-prose)]:underline-offset-2 [&amp;_h2:not(.not-prose):first-child]:mt-0 [&amp;_h3:not(.not-prose):first-child]:mt-0 [&amp;_h4:not(.not-prose):first-child]:mt-0\">\n<h3 class=\"text-xl\" dir=\"auto\">Popis ekonomick\u00e9ho plotov\u00e9ho panelu<\/h3>\n<p class=\"break-words\" dir=\"auto\">Tento obl\u00edben\u00fd typ plotov\u00e9ho panelu je ide\u00e1ln\u00edm \u0159e\u0161en\u00edm pro ty, kte\u0159\u00ed hledaj\u00ed spolehlivou ohrani\u010den\u00ed v cenov\u011b dostupn\u00e9m variant\u011b. Jedn\u00e1 se o z\u00e1kladn\u00ed model, kter\u00fd spl\u0148uje po\u017eadavky na pevnost a estetiku bez zbyte\u010dn\u00fdch v\u00fddaj\u016f. \ud83d\udd27<\/p>\n<p class=\"break-words\" dir=\"auto\"><strong class=\"font-semibold\">Hlavn\u00ed konstruk\u010dn\u00ed prvky:<\/strong><\/p>\n<ul class=\"marker:text-secondary\" dir=\"auto\">\n<li class=\"break-words\">Vodorovn\u00e9 nosn\u00e9 prvky tvo\u0159\u00ed\u00a0 p\u00e1soviny o rozm\u011brech 35 x 8 mm, kter\u00e9 zaji\u0161\u0165uj\u00ed vysokou stabilitu. \ud83d\udcaa<\/li>\n<li class=\"break-words\">Vertik\u00e1ln\u00ed v\u00fdpl\u0148 je realizov\u00e1na pomoc\u00ed p\u00e1soviny 20 \u00d7 8\u00a0 mm<\/li>\n<li>V\u00fd\u0161ka panelu je 1400 mm<\/li>\n<li>D\u00e9lka dle V\u00e1mi zvolen\u00e9 varianty<\/li>\n<li class=\"break-words\">Povrch je o\u0161et\u0159en \u017e\u00e1rov\u00fdm pozinkov\u00e1n\u00edm, kter\u00e9 prob\u00edh\u00e1 m\u00e1\u010den\u00edm cel\u00e9ho panelu po sva\u0159en\u00ed \u2013 d\u00edky tomu je ochrana proti korozi maxim\u00e1ln\u011b efektivn\u00ed a dlouhotrvaj\u00edc\u00ed. \ud83d\udee1\ufe0f<\/li>\n<\/ul>\n<p class=\"break-words\" dir=\"auto\"><strong class=\"font-semibold\">Dopl\u0148kov\u00e9 detaily:<\/strong><\/p>\n<ul class=\"marker:text-secondary\" dir=\"auto\">\n<li class=\"break-words\">V\u0161echny komponenty jsou vyrobeny z kvalitn\u00edch, plnohodnotn\u00fdch materi\u00e1l\u016f p\u0159\u00edmo v na\u0161\u00ed v\u00fdrobn\u00ed provozovn\u011b, co\u017e garantuje konzistentn\u00ed kvalitu. \ud83c\udfed<\/li>\n<li class=\"break-words\">Ka\u017ed\u00fd panel \u0161ijeme na m\u00edru podle specifikac\u00ed va\u0161eho projektu \u2013 \u017e\u00e1dn\u00e9 s\u00e9riov\u00e9 kompromisy, pouze p\u0159esn\u00e9 spln\u011bn\u00ed va\u0161ich pot\u0159eb. \ud83d\udcd0<\/li>\n<\/ul>\n<p class=\"break-words\" dir=\"auto\"><strong class=\"font-semibold\">Kl\u00ed\u010dov\u00e9 p\u0159ednosti tohoto modelu:<\/strong><\/p>\n<ul class=\"marker:text-secondary\" dir=\"auto\">\n<li class=\"break-words\">Spolehliv\u00e1 a odoln\u00e1 povrchov\u00e1 ochrana, kter\u00e1 prodlu\u017euje \u017eivotnost. \u23f3<\/li>\n<li class=\"break-words\">Lehk\u00e9 a snadno manipulovateln\u00e9 materi\u00e1ly, ide\u00e1ln\u00ed pro rychlou instalaci. \ud83d\ude80<\/li>\n<\/ul>\n<p class=\"break-words\" dir=\"auto\">\u00a0M\u00e1te specifick\u00e9 po\u017eadavky na velikost, design nebo povrchovou \u00fapravu? Sta\u010d\u00ed n\u00e1m poslat dotaz nebo e-mail na <em><strong><a href=\"mailto:zamecnictvifiala@zamecnictvifiala.cz\" target=\"_blank\" rel=\"noopener\">zamecnictvifiala@zamecnictvifiala.cz<\/a><\/strong><\/em>\u2013 rychle v\u00e1m navrhneme \u0159e\u0161en\u00ed. \ud83d\udce7<\/p>\n<p class=\"break-words\" dir=\"auto\">\u00a0Pro technick\u00e9 rady, odpov\u011bdi na ot\u00e1zky nebo osobn\u00ed konzultaci n\u00e1s kontaktujte na \u010d\u00edsle +420 604 881 251. \u260e\ufe0f<\/p>\n<\/div>\n<section class=\"inline-media-container flex flex-col gap-1\"><\/section>\n<section class=\"auth-notification flex flex-col gap-1\"><\/section>\n<\/div>\n<\/div>\n<div class=\"order-first sticky hidden @md\/mainview:block top-11 h-0 opacity-0 group-focus-within:opacity-100 group-hover:opacity-100 -ml-[36px] @lg\/mainview:-ml-[40px] -left-[26px]\"><\/div>\n<div class=\"action-buttons h-8 mt-0.5 flex flex-row flex-wrap w-full justify-between last-response print:hidden\">\n<div class=\"flex items-center gap-[2px] w-max rounded-lg text-xs px-2 start-0 md:start-3 -ml-4\">\n<div class=\"px-1.5 text-secondary hover:bg-button-ghost-hover rounded-md cursor-default opacity-0 group-focus-within:opacity-100 group-hover:opacity-100 [.last-response_&amp;]:opacity-100 disabled:opacity-0 group-focus-within:disabled:opacity-60 group-hover:disabled:opacity-60 [.last-response_&amp;]:disabled:opacity-60\" data-state=\"closed\"><\/div>\n<\/div>\n<\/div>\n","protected":false},"excerpt":{"rendered":"<p>Popis ekonomick\u00e9ho plotov\u00e9ho panelu Tento obl\u00edben\u00fd typ plotov\u00e9ho panelu je ide\u00e1ln\u00edm \u0159e\u0161en\u00edm pro ty, kte\u0159\u00ed hledaj\u00ed spolehlivou ohrani\u010den\u00ed v cenov\u011b dostupn\u00e9m variant\u011b. Jedn\u00e1 se o z\u00e1kladn\u00ed model, kter\u00fd spl\u0148uje po\u017eadavky na pevnost a estetiku bez zbyte\u010dn\u00fdch v\u00fddaj\u016f. \ud83d\udd27 Hlavn\u00ed konstruk\u010dn\u00ed prvky: Vodorovn\u00e9 nosn\u00e9 prvky tvo\u0159\u00ed\u00a0 p\u00e1soviny o rozm\u011brech 35 x 8 mm, kter\u00e9 zaji\u0161\u0165uj\u00ed vysokou [&hellip;]<\/p>\n","protected":false},"featured_media":1006,"comment_status":"open","ping_status":"closed","template":"","meta":[],"product_brand":[],"product_cat":[39],"product_tag":[25],"class_list":{"0":"post-365","1":"product","2":"type-product","3":"status-publish","4":"has-post-thumbnail","6":"product_cat-stavebni-zamecnictvi","7":"product_tag-nas-produkt","9":"first","10":"onbackorder","11":"taxable","12":"shipping-taxable","13":"purchasable","14":"product-type-variable"},"jetpack_sharing_enabled":true,"_links":{"self":[{"href":"https:\/\/zamecnictvifiala.cz\/eshop\/wp-json\/wp\/v2\/product\/365","targetHints":{"allow":["GET"]}}],"collection":[{"href":"https:\/\/zamecnictvifiala.cz\/eshop\/wp-json\/wp\/v2\/product"}],"about":[{"href":"https:\/\/zamecnictvifiala.cz\/eshop\/wp-json\/wp\/v2\/types\/product"}],"replies":[{"embeddable":true,"href":"https:\/\/zamecnictvifiala.cz\/eshop\/wp-json\/wp\/v2\/comments?post=365"}],"wp:featuredmedia":[{"embeddable":true,"href":"https:\/\/zamecnictvifiala.cz\/eshop\/wp-json\/wp\/v2\/media\/1006"}],"wp:attachment":[{"href":"https:\/\/zamecnictvifiala.cz\/eshop\/wp-json\/wp\/v2\/media?parent=365"}],"wp:term":[{"taxonomy":"product_brand","embeddable":true,"href":"https:\/\/zamecnictvifiala.cz\/eshop\/wp-json\/wp\/v2\/product_brand?post=365"},{"taxonomy":"product_cat","embeddable":true,"href":"https:\/\/zamecnictvifiala.cz\/eshop\/wp-json\/wp\/v2\/product_cat?post=365"},{"taxonomy":"product_tag","embeddable":true,"href":"https:\/\/zamecnictvifiala.cz\/eshop\/wp-json\/wp\/v2\/product_tag?post=365"}],"curies":[{"name":"wp","href":"https:\/\/api.w.org\/{rel}","templated":true}]}}