{"id":459,"date":"2025-11-06T10:23:44","date_gmt":"2025-11-06T10:23:44","guid":{"rendered":"https:\/\/zamecnictvifiala.cz\/eshop\/?post_type=product&#038;p=459"},"modified":"2026-04-23T08:43:09","modified_gmt":"2026-04-23T08:43:09","slug":"pozarni-zebrik","status":"publish","type":"product","link":"https:\/\/zamecnictvifiala.cz\/eshop\/produkt\/pozarni-zebrik\/","title":{"rendered":"V\u00fdstupov\u00fd \u017eeb\u0159\u00edk"},"content":{"rendered":"<p data-start=\"0\" data-end=\"83\">\ud83d\udd25 <strong data-start=\"3\" data-end=\"81\">Pevn\u00fd v\u00fdstupov\u00fd \u017eeb\u0159\u00edk s ochrann\u00fdm ko\u0161em<\/strong><\/p>\n<p data-start=\"85\" data-end=\"323\"><strong>Spl\u0148uje \u010desk\u00e9 i mezin\u00e1rodn\u00ed normy (\u010cSN EN ISO 14122-4, DIN 18799-1, DIN 14094-1)<\/strong>.<br data-start=\"231\" data-end=\"234\" \/>Ide\u00e1ln\u00ed pro <strong data-start=\"246\" data-end=\"320\">pr\u016fmyslov\u00e9 objekty, v\u00fdrobn\u00ed haly, st\u0159echy, skladov\u00e9 budovy atd<\/strong>.<\/p>\n<p data-start=\"325\" data-end=\"352\">\u2705 <strong data-start=\"327\" data-end=\"350\">Parametry a v\u00fdbava:<\/strong><\/p>\n<ul data-start=\"353\" data-end=\"709\">\n<li data-start=\"353\" data-end=\"389\">\n<p data-start=\"355\" data-end=\"389\">V\u00fd\u0161ka dle V\u00e1mi zvolen\u00e9 varianty<\/p>\n<\/li>\n<li data-start=\"390\" data-end=\"447\">\n<p data-start=\"392\" data-end=\"447\"><strong data-start=\"392\" data-end=\"416\">Rozte\u010d p\u0159\u00ed\u010dl\u00ed 280 mm<\/strong> \u2013 pohodln\u00fd a bezpe\u010dn\u00fd v\u00fdstup<\/p>\n<\/li>\n<li data-start=\"448\" data-end=\"476\">\n<p data-start=\"450\" data-end=\"476\"><strong data-start=\"450\" data-end=\"474\">\u0160\u00ed\u0159ka \u017eeb\u0159\u00edku 520 mm<\/strong><\/p>\n<\/li>\n<li data-start=\"581\" data-end=\"634\">\n<p data-start=\"583\" data-end=\"634\">Od v\u00fd\u0161ky 2,1 m je sou\u010d\u00e1st\u00ed <strong data-start=\"608\" data-end=\"632\">z\u00e1dov\u00e1 ochrana (ko\u0161)<\/strong><\/p>\n<\/li>\n<li data-start=\"635\" data-end=\"709\">\n<p data-start=\"637\" data-end=\"709\"><strong data-start=\"637\" data-end=\"657\">Pozinkovan\u00e1 ocel<\/strong> \u2013 vysok\u00e1 odolnost proti korozi a dlouh\u00e1 \u017eivotnost<\/p>\n<\/li>\n<\/ul>\n<p data-start=\"711\" data-end=\"900\">\ud83d\udca1 <strong data-start=\"714\" data-end=\"735\">Dod\u00e1vka obsahuje:<\/strong><br data-start=\"735\" data-end=\"738\" \/>\u017deb\u0159\u00edkov\u00e9 d\u00edly dle v\u00fd\u0161ky, pevn\u00e9 kotvy do zdi, jednostrann\u00fd v\u00fdstupov\u00fd profil a z\u00e1dovou ochranu.<br data-start=\"832\" data-end=\"835\" \/>(Hmo\u017edinky a \u0161rouby pro uchycen\u00ed do zdi nejsou sou\u010d\u00e1st\u00ed dod\u00e1vky.)<\/p>\n<hr data-start=\"902\" data-end=\"905\" \/>\n<p data-start=\"907\" data-end=\"1059\">\ud83d\udcde <strong data-start=\"910\" data-end=\"968\">Kontaktujte n\u00e1s pro nacen\u011bn\u00ed nebo individu\u00e1ln\u00ed \u00fapravu:<\/strong><br data-start=\"968\" data-end=\"971\" \/>\n<div class=\"wpcf7 no-js\" id=\"wpcf7-f1092-o1\" lang=\"cs-CZ\" dir=\"ltr\" data-wpcf7-id=\"1092\">\n<div class=\"screen-reader-response\"><p role=\"status\" aria-live=\"polite\" aria-atomic=\"true\"><\/p> <ul><\/ul><\/div>\n<form action=\"\/eshop\/wp-json\/wp\/v2\/product\/459#wpcf7-f1092-o1\" method=\"post\" class=\"wpcf7-form init\" aria-label=\"Kontaktn\u00ed formul\u00e1\u0159\" novalidate=\"novalidate\" data-status=\"init\">\n<fieldset class=\"hidden-fields-container\"><input type=\"hidden\" name=\"_wpcf7\" value=\"1092\" \/><input type=\"hidden\" name=\"_wpcf7_version\" value=\"6.1.5\" \/><input type=\"hidden\" name=\"_wpcf7_locale\" value=\"cs_CZ\" \/><input type=\"hidden\" name=\"_wpcf7_unit_tag\" value=\"wpcf7-f1092-o1\" \/><input type=\"hidden\" name=\"_wpcf7_container_post\" value=\"0\" \/><input type=\"hidden\" name=\"_wpcf7_posted_data_hash\" value=\"\" \/>\n<\/fieldset>\n<p><label> Va\u0161e jm\u00e9no<br \/>\n<span class=\"wpcf7-form-control-wrap\" data-name=\"your-name\"><input size=\"40\" maxlength=\"400\" class=\"wpcf7-form-control wpcf7-text wpcf7-validates-as-required\" autocomplete=\"name\" aria-required=\"true\" aria-invalid=\"false\" value=\"\" type=\"text\" name=\"your-name\" \/><\/span> <\/label>\n<\/p>\n<p><label> N\u00e1zev obce<br \/>\n<span class=\"wpcf7-form-control-wrap\" data-name=\"your-name\"><input size=\"40\" maxlength=\"400\" class=\"wpcf7-form-control wpcf7-text wpcf7-validates-as-required\" autocomplete=\"name\" aria-required=\"true\" aria-invalid=\"false\" value=\"\" type=\"text\" name=\"your-name\" \/><\/span> <\/label>\n<\/p>\n<p><label> V\u00e1\u0161 e-mail<br \/>\n<span class=\"wpcf7-form-control-wrap\" data-name=\"your-email\"><input size=\"40\" maxlength=\"400\" class=\"wpcf7-form-control wpcf7-email wpcf7-validates-as-required wpcf7-text wpcf7-validates-as-email\" autocomplete=\"email\" aria-required=\"true\" aria-invalid=\"false\" value=\"\" type=\"email\" name=\"your-email\" \/><\/span> <\/label>\n<\/p>\n<p><label> P\u0159edm\u011bt<br \/>\n<span class=\"wpcf7-form-control-wrap\" data-name=\"your-subject\"><input size=\"40\" maxlength=\"400\" class=\"wpcf7-form-control wpcf7-text wpcf7-validates-as-required\" aria-required=\"true\" aria-invalid=\"false\" value=\"\" type=\"text\" name=\"your-subject\" \/><\/span> <\/label>\n<\/p>\n<p><label> Va\u0161e zpr\u00e1va (voliteln\u00fd)<br \/>\n<span class=\"wpcf7-form-control-wrap\" data-name=\"your-message\"><textarea cols=\"40\" rows=\"10\" maxlength=\"2000\" class=\"wpcf7-form-control wpcf7-textarea\" aria-invalid=\"false\" name=\"your-message\"><\/textarea><\/span> <\/label>\n<\/p>\n<p><input class=\"wpcf7-form-control wpcf7-submit has-spinner\" type=\"submit\" value=\"Odeslat\" \/>\n<\/p><div class=\"wpcf7-response-output\" aria-hidden=\"true\"><\/div>\n<\/form>\n<\/div>\n<\/p>\n","protected":false},"excerpt":{"rendered":"<p>\ud83d\udd25 Pevn\u00fd v\u00fdstupov\u00fd \u017eeb\u0159\u00edk s ochrann\u00fdm ko\u0161em Spl\u0148uje \u010desk\u00e9 i mezin\u00e1rodn\u00ed normy (\u010cSN EN ISO 14122-4, DIN 18799-1, DIN 14094-1).Ide\u00e1ln\u00ed pro pr\u016fmyslov\u00e9 objekty, v\u00fdrobn\u00ed haly, st\u0159echy, skladov\u00e9 budovy atd. \u2705 Parametry a v\u00fdbava: V\u00fd\u0161ka dle V\u00e1mi zvolen\u00e9 varianty Rozte\u010d p\u0159\u00ed\u010dl\u00ed 280 mm \u2013 pohodln\u00fd a bezpe\u010dn\u00fd v\u00fdstup \u0160\u00ed\u0159ka \u017eeb\u0159\u00edku 520 mm Od v\u00fd\u0161ky 2,1 m [&hellip;]<\/p>\n","protected":false},"featured_media":1448,"comment_status":"open","ping_status":"closed","template":"","meta":[],"product_brand":[],"product_cat":[39],"product_tag":[],"class_list":{"0":"post-459","1":"product","2":"type-product","3":"status-publish","4":"has-post-thumbnail","6":"product_cat-stavebni-zamecnictvi","8":"first","9":"onbackorder","10":"taxable","11":"shipping-taxable","12":"product-type-simple"},"jetpack_sharing_enabled":true,"_links":{"self":[{"href":"https:\/\/zamecnictvifiala.cz\/eshop\/wp-json\/wp\/v2\/product\/459","targetHints":{"allow":["GET"]}}],"collection":[{"href":"https:\/\/zamecnictvifiala.cz\/eshop\/wp-json\/wp\/v2\/product"}],"about":[{"href":"https:\/\/zamecnictvifiala.cz\/eshop\/wp-json\/wp\/v2\/types\/product"}],"replies":[{"embeddable":true,"href":"https:\/\/zamecnictvifiala.cz\/eshop\/wp-json\/wp\/v2\/comments?post=459"}],"wp:featuredmedia":[{"embeddable":true,"href":"https:\/\/zamecnictvifiala.cz\/eshop\/wp-json\/wp\/v2\/media\/1448"}],"wp:attachment":[{"href":"https:\/\/zamecnictvifiala.cz\/eshop\/wp-json\/wp\/v2\/media?parent=459"}],"wp:term":[{"taxonomy":"product_brand","embeddable":true,"href":"https:\/\/zamecnictvifiala.cz\/eshop\/wp-json\/wp\/v2\/product_brand?post=459"},{"taxonomy":"product_cat","embeddable":true,"href":"https:\/\/zamecnictvifiala.cz\/eshop\/wp-json\/wp\/v2\/product_cat?post=459"},{"taxonomy":"product_tag","embeddable":true,"href":"https:\/\/zamecnictvifiala.cz\/eshop\/wp-json\/wp\/v2\/product_tag?post=459"}],"curies":[{"name":"wp","href":"https:\/\/api.w.org\/{rel}","templated":true}]}}